{"id":759,"date":"2021-02-24T20:04:43","date_gmt":"2021-02-24T19:04:43","guid":{"rendered":"https:\/\/ordinemonastico.org\/monasteri-e-luoghi-di-culto\/"},"modified":"2023-04-07T18:09:03","modified_gmt":"2023-04-07T16:09:03","slug":"monasteres-et-lieux-de-culte","status":"publish","type":"page","link":"https:\/\/ordinemonastico.org\/fr\/monasteres-et-lieux-de-culte\/","title":{"rendered":"Monast\u00e8res et lieux de culte"},"content":{"rendered":"<div  style='padding-bottom:10px; ' class='av-special-heading av-special-heading-h1    avia-builder-el-0  el_before_av_textblock  avia-builder-el-first  '><h1 class='av-special-heading-tag '  itemprop=\"headline\"  >Monast\u00e8res et lieux de culte<\/h1><div class='special-heading-border'><div class='special-heading-inner-border' ><\/div><\/div><\/div>\n<section class=\"av_textblock_section \"  itemscope=\"itemscope\" itemtype=\"https:\/\/schema.org\/CreativeWork\" ><div class='avia_textblock  '   itemprop=\"text\" ><p><img loading=\"lazy\" decoding=\"async\" class=\"aligncenter wp-image-692 size-full\" src=\"https:\/\/ordinemonastico.org\/wp-content\/uploads\/2022\/03\/seborga.jpg\" alt=\"\" width=\"1024\" height=\"768\" srcset=\"https:\/\/ordinemonastico.org\/wp-content\/uploads\/2022\/03\/seborga.jpg 1024w, https:\/\/ordinemonastico.org\/wp-content\/uploads\/2022\/03\/seborga-300x225.jpg 300w, https:\/\/ordinemonastico.org\/wp-content\/uploads\/2022\/03\/seborga-768x576.jpg 768w, https:\/\/ordinemonastico.org\/wp-content\/uploads\/2022\/03\/seborga-705x529.jpg 705w\" sizes=\"auto, (max-width: 1024px) 100vw, 1024px\" \/><\/p>\n<p><strong>Monast\u00e8re de l&rsquo;Ordre monastique de Seborga, situ\u00e9 au c\u0153ur de la Principaut\u00e9 abbatiale de Seborga<\/strong><br \/>\nLe Monast\u00e8re de l&rsquo;Ordre Monastique de Seborga, situ\u00e9 au c\u0153ur de la Principaut\u00e9 abbatiale de Seborga, est plac\u00e9 sous l&rsquo;autorit\u00e9 du Prince Abb\u00e9, S.A. Rev.me Mons Jean Luc et dirig\u00e9 par son Vicaire G\u00e9n\u00e9ral Mons. Cornelius. La chapelle du monast\u00e8re, situ\u00e9e Via Maccario 1, 18012 Seborga (IM), est actuellement \u00e0 l&rsquo;usage exclusif des moines et des oblats de l&rsquo;ordre monastique. Pour toute information, veuillez consulter la page Facebook de l&rsquo;Ordre monastique de Seborga, le site web : https:\/\/seborga.org , ou \u00e9crire \u00e0 l&rsquo;adresse \u00e9lectronique suivante : segreteria@ordinemonastico.org.<\/p>\n<p><strong>Monast\u00e8re de Nostra Signora della Cava, situ\u00e9 \u00e0 San Pietro Vernotico (BR)<br \/>\n<\/strong>Le Monast\u00e8re de Nostra Signora della Cava, situ\u00e9 via Alcide De Gasperi n\u00b0116, 72027 San Pietro Vernotico (BR), est sous l&rsquo;autorit\u00e9 de Mons. Michel. La chapelle du monast\u00e8re est ouverte au public pour voir les saintes ic\u00f4nes de J\u00e9sus et de Marie, qui sont \u00e9tudi\u00e9es par l&rsquo;universit\u00e9 de Bologne depuis 2003\/2004. Ces Ic\u00f4nes sont r\u00e9guli\u00e8rement inspect\u00e9es par les Autorit\u00e9s du Vatican, qui y ont appos\u00e9 des sceaux de garantie, en raison du ph\u00e9nom\u00e8ne inexplicable de larmoiement du sang humain, unique dans la nature.<br \/>\nPour toute information ou p\u00e8lerinage, sur rendez-vous, \u00e0 l&rsquo;adresse \u00e9lectronique suivante : angelodellacava@alice.it .<strong><br \/>\n<\/strong><\/p>\n<p><img loading=\"lazy\" decoding=\"async\" class=\"size-full wp-image-9 aligncenter\" src=\"https:\/\/coiaao.it\/wp-content\/uploads\/2021\/02\/IMG-20210211-WA0005.jpg\" alt=\"\" width=\"798\" height=\"1024\" srcset=\"https:\/\/ordinemonastico.org\/wp-content\/uploads\/2021\/02\/IMG-20210211-WA0005.jpg 798w, https:\/\/ordinemonastico.org\/wp-content\/uploads\/2021\/02\/IMG-20210211-WA0005-234x300.jpg 234w, https:\/\/ordinemonastico.org\/wp-content\/uploads\/2021\/02\/IMG-20210211-WA0005-768x986.jpg 768w, https:\/\/ordinemonastico.org\/wp-content\/uploads\/2021\/02\/IMG-20210211-WA0005-640x821.jpg 640w, https:\/\/ordinemonastico.org\/wp-content\/uploads\/2021\/02\/IMG-20210211-WA0005-400x513.jpg 400w, https:\/\/ordinemonastico.org\/wp-content\/uploads\/2021\/02\/IMG-20210211-WA0005-367x471.jpg 367w\" sizes=\"auto, (max-width: 798px) 100vw, 798px\" \/><\/p>\n<p><img loading=\"lazy\" decoding=\"async\" class=\"size-full wp-image-8 aligncenter\" src=\"https:\/\/coiaao.it\/wp-content\/uploads\/2021\/02\/IMG-20210211-WA0000.jpg\" alt=\"\" width=\"858\" height=\"1024\" srcset=\"https:\/\/ordinemonastico.org\/wp-content\/uploads\/2021\/02\/IMG-20210211-WA0000.jpg 858w, https:\/\/ordinemonastico.org\/wp-content\/uploads\/2021\/02\/IMG-20210211-WA0000-251x300.jpg 251w, https:\/\/ordinemonastico.org\/wp-content\/uploads\/2021\/02\/IMG-20210211-WA0000-768x917.jpg 768w, https:\/\/ordinemonastico.org\/wp-content\/uploads\/2021\/02\/IMG-20210211-WA0000-640x764.jpg 640w, https:\/\/ordinemonastico.org\/wp-content\/uploads\/2021\/02\/IMG-20210211-WA0000-400x477.jpg 400w, https:\/\/ordinemonastico.org\/wp-content\/uploads\/2021\/02\/IMG-20210211-WA0000-367x438.jpg 367w\" sizes=\"auto, (max-width: 858px) 100vw, 858px\" \/><\/p>\n<p><img loading=\"lazy\" decoding=\"async\" class=\"size-large wp-image-565 aligncenter\" src=\"https:\/\/coiaao.it\/wp-content\/uploads\/2021\/03\/017-1030x677.png\" alt=\"\" width=\"1030\" height=\"677\" srcset=\"https:\/\/ordinemonastico.org\/wp-content\/uploads\/2021\/03\/017-1030x677.png 1030w, https:\/\/ordinemonastico.org\/wp-content\/uploads\/2021\/03\/017-300x197.png 300w, https:\/\/ordinemonastico.org\/wp-content\/uploads\/2021\/03\/017-768x504.png 768w, https:\/\/ordinemonastico.org\/wp-content\/uploads\/2021\/03\/017-705x463.png 705w, https:\/\/ordinemonastico.org\/wp-content\/uploads\/2021\/03\/017.png 1055w\" sizes=\"auto, (max-width: 1030px) 100vw, 1030px\" \/><\/p>\n<p>D&rsquo;autres lieux de culte seront mis en place d\u00e8s que des amis et des bienfaiteurs soutiendront notre action pastorale.<\/p>\n<\/div><\/section>\n","protected":false},"excerpt":{"rendered":"Monast\u00e8res et lieux de culte Monast\u00e8re de l'Ordre monastique de Seborga, situ\u00e9 au c\u0153ur de la Principaut\u00e9 abbatiale de Seborga Le Monast\u00e8re de l'Ordre Monastique de Seborga, situ\u00e9 au c\u0153ur de la Principaut\u00e9 abbatiale de Seborga, est plac\u00e9 sous l'autorit\u00e9 du Prince Abb\u00e9, S.A. Rev.me Mons Jean Luc et dirig\u00e9 par son Vicaire G\u00e9n\u00e9ral Mons. [...]","protected":false},"author":2,"featured_media":0,"parent":0,"menu_order":0,"comment_status":"closed","ping_status":"closed","template":"","meta":{"footnotes":""},"class_list":["post-759","page","type-page","status-publish","hentry"],"_links":{"self":[{"href":"https:\/\/ordinemonastico.org\/fr\/wp-json\/wp\/v2\/pages\/759","targetHints":{"allow":["GET"]}}],"collection":[{"href":"https:\/\/ordinemonastico.org\/fr\/wp-json\/wp\/v2\/pages"}],"about":[{"href":"https:\/\/ordinemonastico.org\/fr\/wp-json\/wp\/v2\/types\/page"}],"author":[{"embeddable":true,"href":"https:\/\/ordinemonastico.org\/fr\/wp-json\/wp\/v2\/users\/2"}],"replies":[{"embeddable":true,"href":"https:\/\/ordinemonastico.org\/fr\/wp-json\/wp\/v2\/comments?post=759"}],"version-history":[{"count":5,"href":"https:\/\/ordinemonastico.org\/fr\/wp-json\/wp\/v2\/pages\/759\/revisions"}],"predecessor-version":[{"id":912,"href":"https:\/\/ordinemonastico.org\/fr\/wp-json\/wp\/v2\/pages\/759\/revisions\/912"}],"wp:attachment":[{"href":"https:\/\/ordinemonastico.org\/fr\/wp-json\/wp\/v2\/media?parent=759"}],"curies":[{"name":"wp","href":"https:\/\/api.w.org\/{rel}","templated":true}]}}

Monastères et lieux de culte

<div  style='padding-bottom:10px; ' class='av-special-heading av-special-heading-h1    avia-builder-el-0  el_before_av_textblock  avia-builder-el-first  '><h1 class='av-special-heading-tag '  itemprop="headline"  >Monastères et lieux de culte</h1><div class='special-heading-border'><div class='special-heading-inner-border' ></div></div></div>
<section class="av_textblock_section "  itemscope="itemscope" itemtype="https://schema.org/CreativeWork" ><div class='avia_textblock  '   itemprop="text" ><p><img loading="lazy" decoding="async" class="aligncenter wp-image-692 size-full" src="https://ordinemonastico.org/wp-content/uploads/2022/03/seborga.jpg" alt="" width="1024" height="768" srcset="https://ordinemonastico.org/wp-content/uploads/2022/03/seborga.jpg 1024w, https://ordinemonastico.org/wp-content/uploads/2022/03/seborga-300x225.jpg 300w, https://ordinemonastico.org/wp-content/uploads/2022/03/seborga-768x576.jpg 768w, https://ordinemonastico.org/wp-content/uploads/2022/03/seborga-705x529.jpg 705w" sizes="auto, (max-width: 1024px) 100vw, 1024px" /></p>
<p><strong>Monastère de l&rsquo;Ordre monastique de Seborga, situé au cœur de la Principauté abbatiale de Seborga</strong><br />
Le Monastère de l&rsquo;Ordre Monastique de Seborga, situé au cœur de la Principauté abbatiale de Seborga, est placé sous l&rsquo;autorité du Prince Abbé, S.A. Rev.me Mons Jean Luc et dirigé par son Vicaire Général Mons. Cornelius. La chapelle du monastère, située Via Maccario 1, 18012 Seborga (IM), est actuellement à l&rsquo;usage exclusif des moines et des oblats de l&rsquo;ordre monastique. Pour toute information, veuillez consulter la page Facebook de l&rsquo;Ordre monastique de Seborga, le site web : https://seborga.org , ou écrire à l&rsquo;adresse électronique suivante : segreteria@ordinemonastico.org.</p>
<p><strong>Monastère de Nostra Signora della Cava, situé à San Pietro Vernotico (BR)<br />
</strong>Le Monastère de Nostra Signora della Cava, situé via Alcide De Gasperi n°116, 72027 San Pietro Vernotico (BR), est sous l&rsquo;autorité de Mons. Michel. La chapelle du monastère est ouverte au public pour voir les saintes icônes de Jésus et de Marie, qui sont étudiées par l&rsquo;université de Bologne depuis 2003/2004. Ces Icônes sont régulièrement inspectées par les Autorités du Vatican, qui y ont apposé des sceaux de garantie, en raison du phénomène inexplicable de larmoiement du sang humain, unique dans la nature.<br />
Pour toute information ou pèlerinage, sur rendez-vous, à l&rsquo;adresse électronique suivante : angelodellacava@alice.it .<strong><br />
</strong></p>
<p><img loading="lazy" decoding="async" class="size-full wp-image-9 aligncenter" src="https://coiaao.it/wp-content/uploads/2021/02/IMG-20210211-WA0005.jpg" alt="" width="798" height="1024" srcset="https://ordinemonastico.org/wp-content/uploads/2021/02/IMG-20210211-WA0005.jpg 798w, https://ordinemonastico.org/wp-content/uploads/2021/02/IMG-20210211-WA0005-234x300.jpg 234w, https://ordinemonastico.org/wp-content/uploads/2021/02/IMG-20210211-WA0005-768x986.jpg 768w, https://ordinemonastico.org/wp-content/uploads/2021/02/IMG-20210211-WA0005-640x821.jpg 640w, https://ordinemonastico.org/wp-content/uploads/2021/02/IMG-20210211-WA0005-400x513.jpg 400w, https://ordinemonastico.org/wp-content/uploads/2021/02/IMG-20210211-WA0005-367x471.jpg 367w" sizes="auto, (max-width: 798px) 100vw, 798px" /></p>
<p><img loading="lazy" decoding="async" class="size-full wp-image-8 aligncenter" src="https://coiaao.it/wp-content/uploads/2021/02/IMG-20210211-WA0000.jpg" alt="" width="858" height="1024" srcset="https://ordinemonastico.org/wp-content/uploads/2021/02/IMG-20210211-WA0000.jpg 858w, https://ordinemonastico.org/wp-content/uploads/2021/02/IMG-20210211-WA0000-251x300.jpg 251w, https://ordinemonastico.org/wp-content/uploads/2021/02/IMG-20210211-WA0000-768x917.jpg 768w, https://ordinemonastico.org/wp-content/uploads/2021/02/IMG-20210211-WA0000-640x764.jpg 640w, https://ordinemonastico.org/wp-content/uploads/2021/02/IMG-20210211-WA0000-400x477.jpg 400w, https://ordinemonastico.org/wp-content/uploads/2021/02/IMG-20210211-WA0000-367x438.jpg 367w" sizes="auto, (max-width: 858px) 100vw, 858px" /></p>
<p><img loading="lazy" decoding="async" class="size-large wp-image-565 aligncenter" src="https://coiaao.it/wp-content/uploads/2021/03/017-1030x677.png" alt="" width="1030" height="677" srcset="https://ordinemonastico.org/wp-content/uploads/2021/03/017-1030x677.png 1030w, https://ordinemonastico.org/wp-content/uploads/2021/03/017-300x197.png 300w, https://ordinemonastico.org/wp-content/uploads/2021/03/017-768x504.png 768w, https://ordinemonastico.org/wp-content/uploads/2021/03/017-705x463.png 705w, https://ordinemonastico.org/wp-content/uploads/2021/03/017.png 1055w" sizes="auto, (max-width: 1030px) 100vw, 1030px" /></p>
<p>D&rsquo;autres lieux de culte seront mis en place dès que des amis et des bienfaiteurs soutiendront notre action pastorale.</p>
</div></section>

Monastères et lieux de culte Monastère de l'Ordre monastique de Seborga, situé au cœur de la Principauté abbatiale de Seborga Le Monastère de l'Ordre Monastique de Seborga, situé au cœur de la Principauté abbatiale de Seborga, est placé sous l'autorité du Prince Abbé, S.A. Rev.me Mons Jean Luc et dirigé par son Vicaire Général Mons. [...]
